s the highest common divisor of 63 and 77?
7
Calculate the greatest common divisor of 322 and 46.
46
Calculate the highest common divisor of 8 and 2.
2
Calculate the highest common divisor of 28 and 1148.
28
Calculate the highest common divisor of 6 and 9186.
6
Calculate the highest common factor of 51 and 4.
1
Calculate the highest common factor of 2552 and 261.
29
Calculate the highest common factor of 280 and 25.
5
What is the greatest common factor of 21 and 84?
21
Calculate the highest common factor of 272 and 5338.
34
What is the highest common factor of 148 and 8?
4
What is the greatest common factor of 1718 and 4?
2
Calculate the highest common factor of 17 and 2159.
17
Calculate the highest common divisor of 31 and 124.
31
Calculate the highest common divisor of 150 and 270.
30
Calculate the greatest common factor of 148 and 78736.
148
What is the highest common divisor of 2 and 3894?
2
Calculate the highest common divisor of 391 and 299.
23
Calculate the greatest common factor of 10043 and 83.
83
What is the greatest common factor of 404 and 1818?
202
Calculate the greatest common divisor of 84 and 108.
12
What is the greatest common factor of 36 and 612?
36
Calculate the greatest common factor of 18 and 1629.
9
Calculate the greatest common divisor of 198 and 162.
18
Calculate the highest common factor of 9 and 1692.
9
Calculate the highest common factor of 6600 and 176.
88
What is the highest common divisor of 20 and 44?
4
What is the greatest common divisor of 6 and 366?
6
Calculate the highest common factor of 92 and 4002.
46
What is the greatest common divisor of 4738 and 412?
206
Calculate the greatest common factor of 4 and 43.
1
What is the highest common factor of 81 and 441?
9
Calculate the greatest common divisor of 1127 and 23.
23
Calculate the greatest common factor of 2296 and 28.
28
Calculate the highest common divisor of 2880 and 2240.
320
What is the highest common divisor of 132 and 330?
66
Calculate the highest common factor of 1239 and 42.
21
What is the highest common divisor of 95 and 4028?
19
What is the highest common factor of 360 and 135?
45
What is the greatest common factor of 742 and 2438?
106
Calculate the highest common divisor of 2419 and 123.
41
What is the greatest common factor of 37 and 148?
37
What is the highest common factor of 9309 and 963?
321
What is the highest common divisor of 2020 and 20?
20
What is the highest common factor of 70 and 1694?
14
What is the highest common divisor of 84 and 2772?
84
Calculate the greatest common divisor of 49 and 1995.
7
Calculate the highest common factor of 12 and 8916.
12
Calculate the greatest common divisor of 61 and 976.
61
Calculate the greatest common factor of 32 and 328.
8
What is the greatest common factor of 2320 and 8?
8
Calculate the highest common divisor of 9 and 1260.
9
Calculate the highest common divisor of 112 and 14.
14
What is the highest common factor of 387 and 9?
9
Calculate the highest common divisor of 44 and 28.
4
Calculate the greatest common factor of 93 and 620.
31
Calculate the greatest common factor of 1107 and 82.
41
Calculate the highest common divisor of 1960 and 80.
40
What is the greatest common factor of 42 and 24?
6
Calculate the greatest common divisor of 574 and 28.
14
Calculate the greatest common factor of 19 and 1.
1
Calculate the highest common divisor of 752 and 32.
16
Calculate the greatest common factor of 10 and 410.
10
Calculate the greatest common factor of 26 and 143.
13
What is the greatest common factor of 2072 and 72?
8
Calculate the highest common divisor of 816 and 1530.
102
What is the highest common divisor of 48 and 36?
12
Calculate the highest common divisor of 220 and 44.
44
What is the greatest common factor of 4692 and 17?
17
What is the greatest common factor of 2922 and 6?
6
What is the highest common factor of 856 and 136?
8
Calculate the highest common factor of 22011 and 66.
33
What is the greatest common factor of 126 and 182?
14
Calculate the greatest common factor of 404 and 6262.
202
What is the highest common factor of 38 and 2223?
19
What is the greatest common factor of 40 and 715?
5
Calculate the greatest common factor of 78 and 3302.
26
Calculate the greatest common divisor of 540 and 20.
20
What is the greatest common divisor of 5516 and 28?
28
Calculate the greatest common factor of 3216 and 24.
24
What is the greatest common factor of 204 and 272?
68
Calculate the greatest common divisor of 670 and 80.
10
Calculate the highest common factor of 65 and 13117.
13
Calculate the highest common factor of 1737 and 1930.
193
Calculate the highest common factor of 5 and 5.
5
Calculate the greatest common factor of 205 and 5.
5
Calculate the highest common factor of 203 and 116.
29
What is the highest common factor of 190 and 38?
38
What is the greatest common divisor of 24 and 408?
24
Calculate the greatest common divisor of 704 and 304.
16
What is the highest common factor of 323 and 17?
17
Calculate the greatest common divisor of 44 and 44.
44
Calculate the highest common factor of 364 and 468.
52
What is the greatest common factor of 56 and 64?
8
What is the greatest common divisor of 14 and 1876?
14
What is the greatest common factor of 339 and 3?
3
What is the greatest common divisor of 94 and 6?
2
What is the highest common factor of 116 and 290?
58
Calculate the greatest common divisor of 240 and 72.
24
Calculate the greatest common factor of 899 and 3751.
31
What is the greatest common divisor of 28100 and 300?
100
What is the greatest common divisor of 4164 and 36?
12
What is the highest common divisor of 180 and 7340?
20
What is the highest common factor of 77 and 407?
11
Calculate the highest common divisor of 460 and 23.
23
Calculate the highest common factor of 25 and 17575.
25
What is the highest common factor of 418 and 242?
22
What is the greatest common divisor of 90 and 170?
10
Calculate the highest common divisor of 16497 and 819.
117
What is the greatest common divisor of 380 and 76?
76
What is the highest common divisor of 24 and 14856?
24
Calculate the highest common divisor of 460 and 10.
10
What is the greatest common divisor of 72 and 153?
9
What is the greatest common factor of 6 and 237?
3
What is the greatest common divisor of 3660 and 60?
60
What is the greatest common factor of 24412 and 68?
68
What is the greatest common factor of 10 and 55?
5
What is the greatest common factor of 171 and 22002?
57
Calculate the greatest common divisor of 52 and 338.
26
What is the greatest common factor of 221 and 26?
13
Calculate the greatest common factor of 400 and 150.
50
What is the highest common factor of 36 and 84?
12
Calculate the highest common factor of 4753 and 49.
49
What is the highest common factor of 252 and 9036?
36
What is the greatest common divisor of 7 and 763?
7
Calculate the highest common factor of 352 and 384.
32
Calculate the greatest common factor of 2118 and 24.
6
Calculate the highest common factor of 30 and 291.
3
What is the greatest common divisor of 3368 and 32?
8
Calculate the greatest common divisor of 4183 and 188.
47
Calculate the highest common factor of 35 and 59465.
35
Calculate the highest common divisor of 252 and 1246.
14
Calculate the highest common factor of 6298 and 402.
134
What is the greatest common divisor of 10 and 135?
5
Calculate the greatest common divisor of 196 and 882.
98
Calculate the greatest common factor of 206 and 206.
206
Calculate the highest common factor of 108 and 2088.
36
What is the greatest common factor of 56 and 184?
8
Calculate the greatest common factor of 85 and 3485.
85
What is the highest common divisor of 110 and 1562?
22
What is the highest common divisor of 18338 and 53?
53
Calculate the highest common divisor of 38 and 4.
2
Calculate the greatest common factor of 159 and 4452.
159
What is the greatest common factor of 44 and 176?
44
What is the greatest common divisor of 106 and 47965?
53
Calculate the greatest common divisor of 833 and 1309.
119
Calculate the highest common divisor of 3 and 24.
3
Calculate the greatest common factor of 6 and 16.
2
Calculate the greatest common divisor of 656 and 205.
41
What is the highest common divisor of 17 and 323?
17
Calculate the greatest common f